 x(-3)?
-16
Let v(w) = w**2 - 37. Give v(0).
-37
Let z(p) = -p**2 - 16*p + 3. What is z(-13)?
42
Let s(l) = -32*l + 100. Give s(4).
-28
Let c(w) = w**2 - 3*w - 15. Give c(8).
25
Let s(j) = j**2 - 37*j + 286. Calculate s(12).
-14
Let q(n) = -13*n**2 + 1. Calculate q(1).
-12
Let c(b) = -b**2 - 39*b - 218. What is c(-32)?
6
Let f(m) = m**2 + 23*m - 287. Give f(-32).
1
Let r(k) = -4*k - 38. Give r(-7).
-10
Let t(k) = -k**3 - 7*k**2 + 2*k + 10. Calculate t(-7).
-4
Let n(j) = 2*j**2 + 44*j - 29. Calculate n(-22).
-29
Let d(g) = 16*g - 568. What is d(36)?
8
Let j(s) = 8*s + 5. Calculate j(-8).
-59
Let q(t) = t**3 + 12*t**2 - t - 15. Determine q(-12).
-3
Let b(t) = -13*t - 6. What is b(-5)?
59
Let r(b) = b**3 - 50*b**2 + 51*b - 98. Calculate r(49).
0
Let l(d) = d**2 - 26*d - 56. What is l(29)?
31
Let k(b) = 111*b - 3. Determine k(-1).
-114
Let h(c) = -2*c - 6. Calculate h(-2).
-2
Let p(w) = -w**2 + 8. Calculate p(6).
-28
Let i(h) = -6*h + 84. Give i(13).
6
Let s(n) = -n - 19. Calculate s(-20).
1
Let l(p) = p**2 + 4. Give l(0).
4
Let a(x) = 3*x**2 - 17*x + 13. What is a(4)?
-7
Let y(r) = r + 4. What is y(-4)?
0
Let w(z) = 3*z**3 + 5*z**2 + 8*z + 4. What is w(-1)?
-2
Let w(n) = -5*n**2 + 5*n - 4. Calculate w(2).
-14
Let g(c) = -c**3 + 25*c**2 - 86*c + 43. What is g(21)?
1
Let z(w) = -w**3 + 8*w**2 - 7*w - 12. Determine z(7).
-12
Let m(f) = -2*f - 20. Calculate m(-14).
8
Let u(l) = -l**3 + 5*l**2 + 4*l + 2. Calculate u(6).
-10
Let p(u) = -u**2 + 7*u - 21. Determine p(6).
-15
Let r(q) = -q**2 + 7*q. Determine r(7).
0
Let g(p) = -5*p**3 + p**2 - 2*p - 3. Determine g(-2).
45
Let q(v) = v + 3. Give q(0).
3
Let r(b) = 2*b**3 - 27*b**2 + 15*b - 32. Give r(13).
-6
Let n(o) = o**3 + 25*o**2 + 24*o - 33. Determine n(-24).
-33
Let w(y) = -y**2 - 10*y + 5. Calculate w(-10).
5
Let d(w) = w**3 - 5*w**2 - 6*w + 12. Give d(6).
12
Let r(x) = x**3 - 10*x**2 + 9*x + 5. Calculate r(9).
5
Let i(b) = 2*b - 7. Give i(3).
-1
Let c(y) = y**3 + 13*y**2 + 13*y + 8. Determine c(-12).
-4
Let i(l) = -l**3 - 11*l**2 + 31*l + 18. Give i(-13).
-47
Let t(g) = -g**2 + 4*g + 20. Calculate t(0).
20
Let i(t) = 4*t - 44. Give i(6).
-20
Let g(v) = -v + 12. Determine g(15).
-3
Let v(q) = -16*q - 1238. Determine v(-78).
10
Let n(g) = g + 3. Give n(0).
3
Let c(w) = 2*w**2 + 13*w + 9. Calculate c(-5).
-6
Let a(q) = 5*q + 4. Give a(-2).
-6
Let y(w) = -w**3 + 5*w**2 + 48*w + 16. Determine y(10).
-4
Let z(f) = 2*f + 42. Give z(-14).
14
Let m(x) = 17*x + 1. What is m(1)?
18
Let u(i) = i - 9. What is u(2)?
-7
Let o(u) = 7*u - 21. Determine o(3).
0
Let c(z) = -z**2 + 5*z - 5. Calculate c(-4).
-41
Let i(r) = -r**2 + 129*r - 373. Give i(3).
5
Let f(t) = 6*t**2 + 10*t - 3. What is f(-3)?
21
Let n(a) = -15*a + 2. Determine n(2).
-28
Let k(h) = -h**3 + 4*h**2 + 5*h - 7. What is k(5)?
-7
Let s(j) = -2*j**2 - 29*j - 15. What is s(-14)?
-1
Let a(i) = i**2 + 9*i + 6. Calculate a(-5).
-14
Let j(k) = -105*k - 630. Give j(-6).
0
Let s(d) = -d**2 - 12*d + 21. Calculate s(-10).
41
Let v(a) = 3*a**3 - 47*a**2 - 19*a + 40. Calculate v(16).
-8
Let r(t) = -25*t - 101. What is r(-4)?
-1
Let p(b) = -b**3 - b**2 + 28*b + 8. Determine p(5).
-2
Let o(r) = 3*r**3 + 6*r**2 + 3*r + 3. Determine o(-4).
-105
Let i(f) = f**3 + 6*f**2 + 7*f - 1. Give i(-5).
-11
Let z(v) = -3*v**2 + 57*v + 16. What is z(19)?
16
Let l(f) = -2*f**3 + 20*f**2 + 22*f + 2. Determine l(11).
2
Let b(t) = -t**2 + 24*t + 56. Give b(26).
4
Let x(m) = 8*m**2 - 226*m + 64. What is x(28)?
8
Let n(z) = 3*z - 22. What is n(7)?
-1
Let i(d) = d + 23. What is i(-25)?
-2
Let j(b) = 7*b - 154. Calculate j(23).
7
Let n(c) = -2*c**2 - 3*c. Give n(-3).
-9
Let b(p) = -43*p + 390. What is b(9)?
3
Let d(c) = -c**2 - c + 19. What is d(-10)?
-71
Let u(z) = 2*z**2 - 13*z + 26. Determine u(7).
33
Let w(q) = q**3 - 11*q**2 + 15. Determine w(11).
15
Let y(l) = -2*l**3 + 10*l**2 - 4*l + 3. Give y(5).
-17
Let v(x) = -x**3 + 15*x**2 - 17*x + 5. Determine v(14).
-37
Let n(q) = -q**3 - 7*q**2 + 6*q. Give n(-8).
16
Let p(j) = j**3 - 2*j**2 - 4*j + 2. Give p(4).
18
Let x(k) = k**3 + 2*k**2 - k + 2. Calculate x(-3).
-4
Let v(m) = 2*m**2 - 66*m - 6. Calculate v(33).
-6
Let o(z) = z**3 + 36*z**2 + 70*z + 72. Calculate o(-34).
4
Let u(x) = 2*x**2 - 7*x - 2. Calculate u(5).
13
Let w(g) = g**2 - 12*g + 8. Calculate w(7).
-27
Let j(g) = -g**3 + 16*g**2 - 4*g + 60. Give j(16).
-4
Let l(y) = y**2 - 11*y - 85. Give l(16).
-5
Let f(r) = -r - 3. What is f(-11)?
8
Let j(s) = -s**2 - 18*s - 35. What is j(-14)?
21
Let l(z) = -z - 3. Give l(-11).
8
Let k(b) = b**2 + 10*b + 4. Give k(-7).
-17
Let j(b) = -b**3 + 6*b**2 - 2*b + 6. What is j(6)?
-6
Let u(k) = -24*k**3 + 2*k**2 - 2*k + 1. Calculate u(1).
-23
Let g(f) = -3*f - 14. What is g(-5)?
1
Let o(h) = -h**3 - 16*h**2 - 29*h - 18. Determine o(-14).
-4
Let g(v) = -v - 27. Calculate g(-18).
-9
Let s(i) = 2*i**3 - 3*i**2 + 3*i - 1. Determine s(2).
9
Let j(w) = -w**3 - 15*w**2 + 2*w + 25. Calculate j(-15).
-5
Let v(u) = -u + 9. What is v(4)?
5
Let h(o) = o**3 - 7*o**2 - 3*o + 2. Calculate h(7).
-19
Let u(r) = 3*r**2 + 2*r - 2. Determine u(3).
31
Let n(p) = p**3 - 4*p**2 + 3. Give n(-2).
-21
Let t(q) = q**2 + 5*q + 11. Determine t(-5).
11
Let d(p) = 4*p + 2. Give d(-7).
-26
Let y(v) = 4*v**3 - v**2 + v. Calculate y(1).
4
Let o(h) = -h**3 - 9*h**2 - 15*h - 11. Give o(-7).
-4
Let u(d) = -d - 5. What is u(-11)?
6
Let v(w) = w**3 - 6*w**2 - w - 1. Calculate v(6).
-7
Let r(x) = x + 15. What is r(-8)?
7
Let q(y) = y**3 - 11*y**2 - 5*y - 21. Give q(11).
-76
Let c(o) = -2*o**3 + 3*o**2 + o - 1. Give c(-1).
3
Let d(p) = -p**3 + 2*p**2 + 3*p - 19. What is d(0)?
-19
Let o(w) = w**3 - 6*w**2 - 3*w - 18. Calculate o(7).
10
Let h(i) = -4*i**2 - 10*i - 3. Give h(-7).
-129
Let c(g) = 23*g + 98. Calculate c(-3).
29
Let l(q) = -5*q + 99. Determine l(22).
-11
Let l(z) = 8*z**2 + 3*z + 1. What is l(2)?
39
Let i(a) = -9*a + 25. Calculate i(4).
-11
Let z(o) = o**3 + 4*o**2 + 7*o + 10. Determine z(-3).
-2
Let b(f) = 6*f + 171. Determine b(-29).
-3
Let s(y) = -3*y**2 - 38*y - 60. Determine s(-11).
-5
Let n(a) = -a**3 + 6*a**2 + a - 1. Calculate n(6).
5
Let x(r) = -r**2 + 17*r + 105. Give x(22).
-5
Let g(c) = 6*c - 13. Give g(14).
71
Let x(q) = -2*q + 35. Determine x(17).
1
Let f(u) = -3*u + 2. Give f(-1).
5
Let x(p) = -p**3 + 5*p**2 + 6*p + 17. Determine x(6).
17
Let h(s) = -s**3 + 12*s**2 + s - 14. What is h(12)?
-2
Let w(g) = -2*g**2 - 10*g - 14. Calculate w(-5).
-14
Let p(r) = -5*r + 312. Determine p(63).
-3
Let s(c) = c**2 + 9*c + 16. Determine s(-5).
-4
Let w(m) = m**3 + 11*m**2 + 19*m + 10. What is w(-9)?
1
Let l(v) = 56*v**3 + 2*v**2 - 2*v + 2. Give l(1).
58
Let q(i) = -16*i**2 + 2*i - 3. Determine q(2).
-63
Let g(b) = 2*b**3 + 2*b**2 + 5*b - 6. Give g(3).
81
Let x(t) = -6*t + 153. Calculate x(24).
9
Let b(h) = -h**3 - 3*h**2 - 4*h - 2. Determine b(-1).
0
Let v(c) = c**2 - 34*c + 271. Calculate v(21).
-2
Let m(q) = 47*q + 229. Determine m(-5).
-6
Let x(z) = 6*z + 35. Determine x(6).
71
Let p(g) = -28*g**2 - 1. Determine p(-1).
-29
Let f(g) = -10*g - 22. What is f(-2)?
-2
Let q(m) = 15*m - 81. Give q(8).
39
Let c(r) = -4*r**2 + 9*r - 1. Calculate c(3).
-10
Let r(u) = u**3 - 9*u**2 + 9*u + 11. Give r(8).
19
Let j(i) = 4*i - 14. Determine j(-11).
-58
Let w(y) = y - 5. Give w(5).
0
Let i(q) = q**2 + 4*q. Give i(-4).
0
Let f(t) = 2*t**2 + 11*t - 4. Calculate f(-6).
2
Let w(m) = -m**2 - 19*m - 22. Give w(-18).
-4
Let r(w) = -w**2 + 29*w + 4. Determine r(29).
4
Let p(j) = 3*j + 5. Calculate p(1).
8
Let y(p) = -p**2 + 7*p - 12. Calculate y(8).
-20
Let g(t) = -t**2 - 10*t - 10. Determine g(-2).
6
Let b(u) = 2*u**3 - 36*u**2 - 36*u - 39. Give b(19).
-1
Let a(i) = -i + 3. Give a(9).
-6
Let z(r) = r - 13. Calculate z(7).
-6
Let k(g) = g**2 + 16*g + 75. What is k(-11)?
20
Let n(g) = g**2 - 2*g - 11. What is n(5)?
4
Let d(h) = 4*h - 218. What is d(52)?
-10
Let j(r) = 2*r**2 - 4*r - 8. Determine j(5).
22
Let s(u) = 5*u**2 + 9*u + 3. Determine s(-4).
47
Let r(p) = 3*p**2 - 40*p + 45. What is r(12)?
-3
Let u(g) = g**3 + 9*g**2 + 3*g - 6. What is u(-4)?
62
Let z(d) = -2*d + 11. Determine z(4).
3
Let k(l) = -l**3 - 6*l**2 - 4*l + 5. Determine k(-4).
-11
Let i(k) = -4*k**3 + 5*k**2 + 3. What is i(3)?
-60
Let r(x) = x**2 - 11*x - 6. Calculate r(10).
-16
Let d(k) = k**2 + k + 6. Calculate d(